
69198967
List the prime factors of 178438441.
257, 694313
List the prime factors of 117279234.
2, 3, 6515513
What are the prime factors of 51389500?
2, 5, 79, 1301
What are the prime factors of 7790580262?
2, 2713, 1435787
List the prime factors of 58970719.
6007, 9817
What are the prime factors of 414750365?
5, 953, 87041
List the prime factors of 5065425449.
7, 2011, 359837
What are the prime factors of 269614777?
127, 1367, 1553
List the prime factors of 41535599.
7, 5933657
List the prime factors of 58315569.
3, 13, 659, 2269
What are the prime factors of 23641425?
3, 5, 179, 587
List the prime factors of 1552877032.
2, 7, 1091, 3631
List the prime factors of 130649322.
2, 3, 21774887
What are the prime factors of 158784892?
2, 7, 523, 1549
List the prime factors of 2996407741.
37, 683, 118571
What are the prime factors of 61138994?
2, 7, 151, 28921
What are the prime factors of 134367930?
2, 3, 5, 497659
List the prime factors of 3411497586.
2, 3, 7, 23, 3531571
What are the prime factors of 547059186?
2, 3, 23, 1321399
List the prime factors of 33166500.
2, 3, 5, 22111
List the prime factors of 750848617.
750848617
What are the prime factors of 3155615825?
5, 126224633
List the prime factors of 16984988.
2, 41, 103567
List the prime factors of 40394574.
2, 3, 11, 204013
What are the prime factors of 105041827?
11, 17, 127, 4423
What are the prime factors of 1317070250?
2, 5, 5268281
What are the prime factors of 2661297736?
2, 191, 1741687
What are the prime factors of 66067213?
1123, 58831
What are the prime factors of 899433529?
3041, 295769
What are the prime factors of 15730370?
2, 5, 1573037
What are the prime factors of 49478308?
2, 11, 41, 27427
List the prime factors of 80869250.
2, 5, 7, 11, 4201
List the prime factors of 62180775.
3, 5, 276359
List the prime factors of 141975761.
409, 347129
List the prime factors of 312704865.
3, 5, 11, 47, 13441
What are the prime factors of 1272138768?
2, 3, 19, 464963
List the prime factors of 101214964.
2, 661, 38281
What are the prime factors of 1527680284?
2, 13, 29378467
List the prime factors of 38617210.
2, 5, 3861721
What are the prime factors of 2333010500?
2, 5, 4666021
What are the prime factors of 968550950?
2, 5, 19371019
List the prime factors of 3163362229.
3163362229
List the prime factors of 60756546.
2, 3, 71, 127, 1123
List the prime factors of 2447721361.
41, 1259, 47419
What are the prime factors of 64306454?
2, 32153227
List the prime factors of 208843869.
3, 13, 31, 172741
What are the prime factors of 744027993?
3, 31, 131, 20357
List the prime factors of 43486427.
43486427
What are the prime factors of 13330339?
11, 353, 3433
List the prime factors of 3948725958.
2, 3, 19, 379, 91393
What are the prime factors of 1348449723?
3, 149827747
What are the prime factors of 2139223764?
2, 3, 17, 137, 76543
What are the prime factors of 224670398?
2, 103, 163, 6691
What are the prime factors of 386515569?
3, 11, 41, 285673
What are the prime factors of 2024522005?
5, 11, 36809491
What are the prime factors of 188514591?
3, 151, 416147
List the prime factors of 83584648.
2, 7, 17, 19, 4621
List the prime factors of 726178923.
3, 229, 463, 761
List the prime factors of 164113766.
2, 229, 358327
List the prime factors of 6480767516.
2, 149, 10873771
List the prime factors of 303108835.
5, 23, 109, 24181
What are the prime factors of 778696737?
3, 7, 13, 313, 701
List the prime factors of 90148515.
3, 5, 6009901
What are the prime factors of 61469808?
2, 3, 89, 14389
List the prime factors of 871908398.
2, 1487, 293177
What are the prime factors of 382308290?
2, 5, 7, 13, 60017
What are the prime factors of 2100174272?
2, 7, 19, 246731
What are the prime factors of 868675946?
2, 434337973
What are the prime factors of 127918251?
3, 17, 278689
What are the prime factors of 295504255?
5, 59100851
What are the prime factors of 363952?
2, 23, 43
What are the prime factors of 247544725?
5, 29, 557, 613
List the prime factors of 115535831.
23, 5023297
List the prime factors of 2389351262.
2, 1194675631
List the prime factors of 187002573.
3, 62334191
List the prime factors of 5913842984.
2, 7, 23, 4591493
What are the prime factors of 148417370?
2, 5, 14841737
List the prime factors of 2840244565.
5, 6577, 86369
What are the prime factors of 143600662?
2, 2207, 32533
What are the prime factors of 38208311?
1327, 28793
List the prime factors of 745207044.
2, 3, 127, 488981
List the prime factors of 3401951010.
2, 3, 5, 3583, 31649
List the prime factors of 107911053.
3, 17, 163, 4327
List the prime factors of 38325965.
5, 29, 101, 2617
List the prime factors of 76475254.
2, 107, 191, 1871
List the prime factors of 38155296.
2, 3, 31, 12821
List the prime factors of 63946639.
17, 457, 8231
What are the prime factors of 188520091?
41, 73, 62987
List the prime factors of 251362275.
3, 5, 37, 239, 379
What are the prime factors of 160435582?
2, 19, 4221989
What are the prime factors of 7669811?
7669811
List the prime factors of 244916309.
11, 2399, 9281
What are the prime factors of 32760922?
2, 16380461
List the prime factors of 14591016.
2, 3, 11, 23, 89
List the prime factors of 1188913813.
1188913813
List the prime factors of 2284400307.
3, 7, 108780967
What are the prime factors of 3016460184?
2, 3, 569, 220889
List the prime factors of 611003636.
2, 1277, 119617
What are the prime factors of 669641396?
2, 19, 139, 63389
What are the prime factors of 698758490?
2, 5, 41, 1704289
What are the prime factors of 51513161?
7, 19, 55331
What are the prime factors of 235694147?
13, 31, 584849
List the prime factors of 864143670.
2, 3, 5, 13, 269, 8237
What are the prime factors of 807194747?
807194747
List the prime factors of 410613515.
5, 13, 89, 70979
What are the prime factors of 42812706?
2, 3, 23, 310237
List the prime factors of 4722975494.
2, 2361487747
What are the prime factors of 32206760?
2, 5, 227, 3547
What are the prime factors of 56425376?
2, 7, 109, 2311
What are the prime factors of 108545626?
2, 7, 431, 17989
What are the prime factors of 288917754?
2, 3, 17, 2832527
What are the prime factors of 2011479387?
3, 331, 2025659
List the prime factors of 85304000.
2, 5, 10663
List the prime factors of 62183217.
3, 61, 339799
What are the prime factors of 146910783?
3, 48970261
What are the prime factors of 110780398?
2, 17, 3258247
List the prime factors of 3352786611.
3, 521, 2145097
What are the prime factors of 53195832?
2, 3, 246277
What are the prime factors of 767844126?
2, 3, 7, 71, 85831
What are the prime factors of 462988639?
2693, 171923
What are the prime factors of 176781646?
2, 149, 593227
What are the prime factors of 344388039?
3, 23, 4991131
What are the prime factors of 198524694?
2, 3, 2251, 14699
List the prime factors of 105923698.
2, 1063, 49823
What are the prime factors of 1066245668?
2, 29, 9191773
List the prime factors of 377786755.
5, 89, 848959
What are the prime factors of 558099600?
2, 3, 5, 23, 73, 277
List the prime factors of 520596993.
3, 7, 37, 613, 1093
What are the prime factors of 650505359?
7, 92929337
List the prime factors of 4860279520.
2, 5, 373, 81439
What are the prime factors of 110550829?
110550829
What are the prime factors of 23006911?
71, 251, 1291
List the prime factors of 1614013829.
36451, 44279
What are the prime factors of 442894022?
2, 6703, 33037
What are the prime factors of 258843856?
2, 59, 274199
List the prime factors of 122751723.
3, 19, 31, 127, 547
What are the prime factors of 1098498955?
5, 181, 257, 4723
What are the prime factors of 4318896607?
4318896607
List the prime factors of 4213755253.
15739, 267727
List the prime factors of 79206834.
2, 3, 7, 41, 6571
List the prime factors of 188863557.
3, 17, 23, 161009
List the prime factors of 50320704.
2, 3, 7, 37441
List the prime factors of 52983173.
52983173
What are the prime factors of 275414290?
2, 5, 27541429
What are the prime factors of 50985545?
5, 13, 31, 25303
What are the prime factors of 75744799?
13, 509, 11447
List the prime factors of 384165026.
2, 7, 421, 65179
What are the prime factors of 135497612?
2, 1321, 25643
List the prime factors of 931570723.
931570723
What are the prime factors of 193603881?
3, 64534627
List the prime factors of